 b.
2
Let h(n) = -216*n - 20. Let i = -267 + 264. What are the prime factors of h(i)?
2, 157
Suppose -48*a = -181*a + 170902 + 454996. What are the prime factors of a?
2, 13, 181
Let h(k) = -5*k**2 - 9 + 9*k**2 - 5*k + 0*k**2 - 3*k**3 + 0*k**3. What are the prime factors of h(-5)?
491
Let v = 331 + -107. Let y = v - -121. What are the prime factors of y?
3, 5, 23
Let x be (-9 + 2)/(2 + 6/(-4)). List the prime factors of x/(-77) - (-15999)/33.
5, 97
Let a = 186 + -307. Let t = -21 + a. Let v = -21 - t. What are the prime factors of v?
11
Let z be 6 - ((-110993)/51 + 2/(-3)). Suppose -18*j = -8573 + z. What are the prime factors of j?
5, 71
Suppose 204*b = 658*b - 15534972. List the prime factors of b.
2, 3, 1901
Suppose -33*o - 30538 = 38112 - 1072906. What are the prime factors of o?
2, 3, 317
Let r be (1 + -11)/(1/(-19)). Suppose -s + r = -167. Suppose -3*v + 2*n = -377, -5*v - 3*n = -2*v - s. List the prime factors of v.
3, 41
Let x(q) = -12*q**2 - 16*q**2 + 27 + 14*q + 31*q**2 - 9. What are the prime factors of x(7)?
263
Suppose 344 = 14*m - 16*m. What are the prime factors of 5/(-7)*m + (-21)/(-147)?
3, 41
Let f be 1602/8 + 1/(-4). Suppose 4*r = 5*t - f + 1129, -2*t - 368 = 2*r. What are the prime factors of ((4 + 2)/(-2))/(5/t)?
3, 37
List the prime factors of (-1)/(-1 + 149296/149312).
2, 2333
Let a = 478 - 184. Suppose -2*l + a = -368. List the prime factors of l.
331
Let c(i) = i**3 + 3*i**2 - 8*i + 9. Let f = -71 + 75. Let g be -1 + -3 - f/2*-4. What are the prime factors of c(g)?
89
Let h be (-4)/6*18/12. Let q be 2 + -3 + 705/3*h. List the prime factors of (-4)/(-8)*q/(-2).
59
Let q(f) = -830*f**3 - 6*f**2 - 32*f - 23. What are the prime factors of q(-3)?
11, 2039
Let a = -37410 - -59950. List the prime factors of a.
2, 5, 7, 23
Let o be (-36)/(-20) + (-1)/(-5). Suppose o*s - n = 29, -2*s + 4*n = -s - 25. Suppose 8*d + 205 = s*d. List the prime factors of d.
41
Let p(j) = -2*j**3 - 3*j**2 - 5*j - 5. Let c be p(-4). Suppose -11*o + 300 + 371 = 0. Let h = c - o. List the prime factors of h.
2, 17
Let b(x) = x**2 - 14*x + 18. Let z be b(13). Let n be 118/z - (-2)/5. Suppose 27*c = n*c + 45. List the prime factors of c.
3, 5
Let c = 195 - 147. Let q = c - -103. List the prime factors of q.
151
Let p(k) = -k**3 + 15*k**2 - 13*k - 13. Suppose 2*w + 7*w - 126 = 0. Let c be p(w). What are the prime factors of (5 - 9) + 55/c?
3, 17
Let y(d) = -292*d + 131. List the prime factors of y(-23).
41, 167
Suppose 15*v + 17*v + 363456 = 1126208. List the prime factors of v.
2, 59, 101
Let n(x) = 5*x - 45. Let j be n(9). Suppose j*d + 5*d = 835. List the prime factors of d.
167
Suppose -24*z - 14*z + 451235 + 240023 = 0. List the prime factors of z.
18191
Let k = -1024 + 4720. What are the prime factors of k?
2, 3, 7, 11
Suppose 0 = -8*y + 4*y - g - 311, 4*y = -2*g - 314. What are the prime factors of 66/y - 692/(-7)?
2, 7
Let s(u) = 29*u**3 - 14*u**2 - 12*u + 175. Let n(d) = 10*d**3 - 5*d**2 - 4*d + 58. Let q(a) = 11*n(a) - 4*s(a). List the prime factors of q(-6).
2, 7, 89
Suppose -11*l - 6*l + 1209040 = 11*l. What are the prime factors of l?
2, 5, 17, 127
Let g = -595 - -601. Suppose -g*q + 1828 = -4778. List the prime factors of q.
3, 367
Let t be 1/(4 - 1) - (-147)/(-9). Let c be (-2)/6 - t/12. Suppose 0 = -x + c - 0, 5*x = -4*r + 453. List the prime factors of r.
2, 7
Let o be 2*3 + (681 - -2). Suppose 459 + o = 4*p. What are the prime factors of p?
7, 41
Let f be -2*(2 - (1 + -5 - -7)). Suppose -f*q + 33*q = 13330. What are the prime factors of q?
2, 5, 43
Let l = -19863 + 97783. List the prime factors of l.
2, 5, 487
Suppose 360*g - 2*n = 363*g - 52550, 3*g - 52555 = -n. What are the prime factors of g?
2, 3, 5, 73
Let d = 113 - 121. What are the prime factors of 195/520 + (-869)/d?
109
Suppose 40277 = 13*k + 4127 - 20725. What are the prime factors of k?
5, 7
Let t be 16/(-4) - -2*(-1 - -2). What are the prime factors of -5 + 229 + -2 + 2 + t?
2, 3, 37
What are the prime factors of (-130203 - -1)*-1*1475/2950?
65101
Suppose -33*k + 42315 = 6*k. Suppose -14 = 3*h - k. What are the prime factors of h?
3, 7, 17
Let o(d) = 15*d**2 + 64*d - 947. List the prime factors of o(42).
28201
Let a = -3 - -150. Let o be ((-126)/a)/(6/(-28)). Suppose o*z + 656 = 8*z. What are the prime factors of z?
2, 41
Let a(m) = 2*m + 36. Let t be a(-20). List the prime factors of 597/(-2)*t/6.
199
Suppose 15 = 3*j + w, 3*j + 5*w - 27 = -0. Suppose -n = -2*y + 4, -j*y + 2 = 5*n - 20. Let p(m) = 5*m**3 + 2*m**2 - 5*m + 4. What are the prime factors of p(y)?
2, 71
Suppose -l - 58477 = -2*p, -116966 = -4*p - 4*l + 2*l. Suppose 19*h + h = p. What are the prime factors of h?
2, 17, 43
Let n be (-6)/(-33) + 872/44. Let l = -15 + n. Suppose 24 = 9*p - l*p. What are the prime factors of p?
2, 3
Suppose -215*q - 29750 = -222*q. Suppose -4*r - q = -3*o, -737 = -4*o - 4*r + 4911. What are the prime factors of o?
2, 7, 101
Let l(t) = -6*t**2 - 8*t**2 + 13*t**2. Let u(j) = 4*j**2 + 3*j + 4. Let y(k) = 3*l(k) + u(k). List the prime factors of y(6).
2, 29
Suppose -3*f + 24623 = 5*w - 15536, 3*f = -3*w + 40161. List the prime factors of f.
2, 3347
Let f = 43 + 40. Let d = f + -68. List the prime factors of 2 - (-109 + d/(-5)).
2, 3, 19
Let u = -6699 - -6489. Suppose -465 = -4*d - 2313. Let q = u - d. What are the prime factors of q?
2, 3, 7
Suppose -948 = -2*c + 40. Suppose -3*j = f - 80 - c, -4*f = 5*j - 959. What are the prime factors of j?
191
Let m(f) = 6*f - 17. Let v be m(0). Let k(a) = a**3 + 17*a**2 - 12*a - 38. List the prime factors of k(v).
2, 83
Let b = -291 - -293. Suppose -4690 = -8*v - b*v. List the prime factors of v.
7, 67
Suppose -46*k + 142134 = 6*k - 101434. What are the prime factors of k?
2, 1171
Suppose 8*y - 5 = 6*y - p, -4*y - p + 5 = 0. Suppose y = -4*d + 681 + 399. What are the prime factors of d?
2, 3, 5
Let p(v) = 12*v**2 + 21*v - 109. Let o(y) = 36*y**2 + 64*y - 323. Let t(a) = 4*o(a) - 11*p(a). What are the prime factors of t(-12)?
3, 5, 89
Let g(i) = 3*i**3 - i**2 - 7*i + 1. Let d be g(6). Let r = d - 358. What are the prime factors of r?
3, 71
What are the prime factors of 4*(3983/10)/((-86)/(-215))?
7, 569
Let b(s) = 5*s**2 - 24*s - 118. Let h be b(-4). Suppose -4*m = -3*l - 596, 2*l - 160 = 3*m - 4*m. Let f = m - h. What are the prime factors of f?
2, 47
Let z(c) = 3*c + 23. Let r be z(-10). Let g be (r - -16)/((-7)/6 - -1). What are the prime factors of g/90 + ((-1856)/(-5))/2?
5, 37
Suppose -23*d + 7580 = -33*d. What are the prime factors of (2 - 20/8)*d?
379
Suppose 4*o = -2*t + 37770, -6003 = -3*o - 4*t + 22312. List the prime factors of o.
5, 1889
Let m = 6208 - 4393. Suppose 2163 = 9*s - m. List the prime factors of s.
2, 13, 17
What are the prime factors of 5043 + 10 + (-12)/2?
7, 103
What are the prime factors of -3 + 90/36*56822/5?
2, 53, 67
Suppose 42*z - 28*z = 98. Suppose z*n - 1414 - 1218 = 0. What are the prime factors of n?
2, 47
Suppose 2*t - 17688 = -4*a, 2*a - 8874 = -591*t + 595*t. List the prime factors of a.
3, 5, 59
Let u be (30/(-20))/((-1)/16*-4). List the prime factors of (-5782)/(-10) + (260/(-50) - u).
3, 193
Let b = 78594 + -12513. List the prime factors of b.
3, 22027
Let c = 329 + -293. List the prime factors of c/20*(-6 - 3661/(-21)).
3, 101
Suppose -5*v = -9*v + 24, -3*n + 3*v = -39333. What are the prime factors of n?
13, 1009
Let g = 31 + -41. Let b = 29 + g. Suppose 3*i = x + 4*x - 7, 0 = -4*i + x + b. List the prime factors of i.
2, 3
Let k = -23 + 27. Suppose 5*b + 1 = -5*m - 24, -k*b - 5*m = 21. List the prime factors of 20*(2 - 2/b).
2, 5
Let k = 19232 + -9154. What are the prime factors of k?
2, 5039
Let v(p) = 43*p**3 - 5*p**2 - 34*p - 20. What are the prime factors of v(8)?
2, 5351
Let p = -2975 - -27292. What are the prime factors of p?
24317
Let a = 138 + -135. Suppose 5*o = 2*x, a*x - o - o = -11. What are the prime factors of -4 + (301 - (x - -2))?
2, 3, 5
What are the prime factors of -6*(-56)/924 - (-208567)/11?
67, 283
Suppose 6175 = -16*v + 21*v. Suppose 4*u - v = 585. What are the prime factors of u?
5, 7, 13
Let g = 643 + -633. What are the prime factors of -2*9/g*4790/(-6)?
3, 479
Let v = -38100 + 64519. What are the prime factors of v?
29, 911
Let g = -1424 - -7266. What are the prime factors o